 What is the units digit of b?
6
Let m = 74 + -190. Let k = m + 257. What is the units digit of k?
1
Let r(w) = -18*w + 6. Let n be (2/(-3))/(3/(-18)). Let a be r(n). Let c = -46 - a. What is the tens digit of c?
2
Let r be 6*(-1)/(-8)*(-28)/(-7). Suppose -r*i + 58 = -i. What is the tens digit of i?
2
Suppose 5153 = 3*y - 1126. What is the tens digit of y?
9
Let a(c) = -c**2 - 3*c + 1. Let g be a(-2). Suppose 0 = g*p - 117 - 117. What is the units digit of p?
8
Let d(b) be the third derivative of -b**5/60 - 5*b**4/24 + b**3 + 5*b**2. Let f be d(-5). Suppose -5*z + f*z = 72. What is the tens digit of z?
7
Suppose 5*x - 2*h = 4458, -3*x + 26*h = 22*h - 2672. What is the units digit of x?
2
Suppose x + 12 = 5*x. Let o = 60 + -39. What is the units digit of 175/o + (-1)/x?
8
What is the units digit of (-13 + 7)*(-6)/4?
9
Let y(v) = v**2 - 14*v + 2. Let o be y(6). Let p(u) = u**2 - 6*u + 51. Let t be p(8). Let l = o + t. What is the tens digit of l?
2
Let u = -447 - -819. What is the tens digit of u?
7
Suppose -11*v = -41*v. Suppose 4 = 4*g - 92. Suppose v = -x - g + 83. What is the units digit of x?
9
Suppose 0 = -3*j - 1947 - 1707. What is the hundreds digit of j/(-145)*(-40)/(-3)?
1
Let a = 66 - 62. Suppose 690 = a*y + 118. What is the tens digit of y?
4
Suppose -108*z + 3324 = -102*z. What is the hundreds digit of z?
5
Let o be 2/1 - (9 - 7). Suppose -3*y + 67 = 5*s - 41, -2*s - 6 = o. What is the units digit of y + 1/(1/2)?
3
Suppose 42 = -0*c + 3*c. Suppose 4*r + 10 = -c. What is the tens digit of 15 - (r - 0)/2?
1
Suppose 16*h + 24*h = 120. What is the units digit of h?
3
Suppose 16*q - 7734 = 27626. What is the hundreds digit of q?
2
Let p = -31 - -25. Let x(y) = -8*y - 5. What is the tens digit of x(p)?
4
Let q(u) = -68*u - 26. Let a be q(-14). What is the units digit of a/11 + (-4)/22?
4
Let t(a) = 2*a**2 + 4*a + 3. Let o be t(-2). Suppose 5 = 5*g, -3*i - o*g = -i - 15. What is the tens digit of -33*(2 + (-16)/i)?
2
Let u(i) = i**3 - 11*i**2 + 19*i + 3. Let n be u(9). Suppose 2*m - 2 = 4*l, -5 = l + m - 0*m. Let z = n + l. What is the units digit of z?
0
Suppose -b - 2*i + 0*i = -12, 2*b - 3*i = 3. Suppose b = -y + 16. What is the tens digit of y?
1
Let s = 33 - 36. Let x be -3*(4 + (-8 - s)). Suppose -x*u + 49 = -23. What is the units digit of u?
4
Let w = -6 - -11. Suppose w*c = -2*j + 26 + 5, 15 = 3*c. Suppose 7*r - 92 = j*r. What is the units digit of r?
3
Suppose -7*u - 172 = -9*u. Let l = u - 33. What is the tens digit of l?
5
Let o(k) = -37*k - 156. What is the hundreds digit of o(-7)?
1
Suppose -7 = -2*a + 17. Let w be (12/(-4))/(-9)*a. Suppose -l = -w*l + 81. What is the units digit of l?
7
Suppose -224*q + 231*q - 10115 = 0. What is the thousands digit of q?
1
Let v(f) = -f**2 - 3*f - 2. Let y be v(-3). Let p be (-5)/(-10) - 3/y. What is the tens digit of 1 - (-5 + p + -6)?
1
Let z(c) = -4 + 0 - 10*c + c**3 - 5*c**2 + 1. Let k be (9/6 - -2)*2. What is the tens digit of z(k)?
2
Let v(q) be the third derivative of q**7/5040 + q**6/120 - q**5/60 - q**2. Let h(j) be the third derivative of v(j). What is the units digit of h(6)?
2
Let n = 24 + -15. Let z = 2 + n. What is the units digit of 26/22 + (-2)/z?
1
Let g = -10 - -8. Let m = g - -5. Suppose 10 = 5*z + 2*n - 117, -m*z + 93 = -3*n. What is the units digit of z?
7
Let b(v) = 71*v**2 - 17*v + 99. What is the tens digit of b(6)?
5
Let o = -13 + 26. Let p = o + 7. Let g = -8 + p. What is the units digit of g?
2
Suppose 0*i = -5*i - 95. Let n = -9 - i. What is the units digit of (-24)/n*40/(-12)?
8
What is the hundreds digit of 32/(1/1616*8)?
4
Let v = -1 + 6. Let a(d) = -6 + 2*d + 2*d + 14 - v*d. What is the units digit of a(-6)?
4
Suppose 0 = -4*m + 1235 + 645. What is the units digit of m?
0
Let m be (-32)/10 + 24/(-30). Let p be m/2 - (5 - 4). What is the units digit of p + 52 + (-8 - -4)?
5
Suppose 192 = n - 3*s, 0 = n + 2*n + 4*s - 615. What is the units digit of n?
1
Let o be ((-1)/(-1)*-8)/(1*-1). What is the units digit of (-15)/(-60) + 1958/o?
5
Suppose 0 = 4*l - 5*h - 4725, -l + 4*h + 439 = -756. What is the units digit of l?
5
Let c = 10981 - 6526. What is the tens digit of c?
5
Suppose 5*d - 26 = 3*m, 18 = 2*d - 2*m - 3*m. Let h be ((-12)/(-8))/(2/d). Suppose -46 - 55 = -h*p - z, 5*p - 167 = -z. What is the units digit of p?
3
What is the tens digit of 6/408*8 - (-7495)/17?
4
Suppose 9*x + 6 = -3. What is the tens digit of (-2 - (-8 + x + 3)) + 115?
1
Let l be (0 + 1 + -1)/(-1). Suppose 4*t - 7*t + 45 = l. What is the units digit of t?
5
Let w be (-49)/(-2) - 11/22. Suppose -5*n + 174 = n. Let d = n - w. What is the units digit of d?
5
Let d be (6/15)/(3/165). Let j be (-18)/99 + 158/d. Let g(h) = h**3 - 6*h**2 - 4*h + 1. What is the tens digit of g(j)?
2
Let y(h) = h**2 - 11*h + 13. Let o be y(6). Let x(m) = -m**2 - 21*m + 24. What is the tens digit of x(o)?
9
Let h(x) = 2*x**2 - x + 37. Let v(y) = -y**2 + y - 18. Let w(m) = -6*h(m) - 13*v(m). What is the units digit of w(8)?
0
Let s = 13 - 8. Suppose v = -7*q + 3*q + 2, 0 = -s*q + 2*v - 4. Suppose 0 = 2*m - 3*m + 2*d + 51, q = 3*m + 3*d - 162. What is the units digit of m?
3
Let b(q) = 12*q**2 + 20*q - 70. What is the thousands digit of b(9)?
1
Let r(t) = -t + 11. Let m be r(4). Let f(x) be the third derivative of -x**5/60 + 7*x**4/24 + 7*x**3/6 + 4*x**2. What is the units digit of f(m)?
7
Suppose i + 25 - 24 = 0. Let r = -10 - -7. What is the tens digit of (1 - r)*(i + 8)?
2
Let x(u) be the first derivative of -u**4/4 + 7*u**3/3 + u**2/2 - 7*u + 18. What is the units digit of x(6)?
5
Suppose -3*x + 21 = -3*g, -g + 16 = 3*x - 5*g. Let z = 15 - x. Suppose z*q - 24 = 21. What is the tens digit of q?
1
Let j = -7 + 12. Suppose -4*f + j*r + 619 + 242 = 0, -5 = 5*r. Suppose 5*s - f - 36 = 0. What is the units digit of s?
0
Let z = -129 - -183. Suppose -c - c = -z. Suppose 0 = 4*s + m - 14, -3*s + 3*m - 9 + c = 0. What is the units digit of s?
4
Suppose 0*p - 3*p + 9 = 3*d, -3*d = 2*p - 6. Suppose p*m - 50 = 385. What is the tens digit of m?
4
Let q(p) = 94*p**2 - 16*p - 102. What is the tens digit of q(-6)?
7
Let o(x) = -x**3 - 14*x**2 - 21*x - 22. Let b be o(-11). Let h = -132 - b. What is the units digit of h?
2
Suppose -z = -4*t - 480, -2*z - 29*t + 33*t + 944 = 0. What is the units digit of z?
4
Let v(f) be the second derivative of f**4/2 - f**3/2 - f**2 - 2*f. Suppose 4*h + 3*z = -18, -3*h - 2*z + z - 11 = 0. What is the units digit of v(h)?
1
Let t(v) = 199*v + 71. What is the tens digit of t(3)?
6
Suppose 5*d - 5*t - 465 = 0, -5*d - 8*t + 489 = -7*t. What is the units digit of d?
7
Let d(f) = f - 17. Let s be d(0). Let m = s - -7. Let g = 10 - m. What is the units digit of g?
0
Let j = -1199 - -1799. What is the hundreds digit of j?
6
Let b be 52/9 - (-20)/90. Suppose -f - 656 = -b*f - 4*y, 12 = 3*y. Suppose 0 = -3*h + h + f. What is the units digit of h?
4
Let j = 645 - 283. Let l = -223 + j. What is the tens digit of l?
3
Let y(z) be the third derivative of -z**4/6 + 5*z**3/3 + 7*z**2. What is the tens digit of y(-15)?
7
Let o(f) = -f**3 - 3*f**2 + 10*f + 6. Let m be o(-5). Suppose 5*p = -2*i + 1071, -p + i - m*i + 228 = 0. What is the tens digit of p?
1
Let a = 12 + -7. Let b(h) = 2*h**3 - h**2 - 5*h + 4. Let y be b(3). Let u = y - a. What is the units digit of u?
9
Let y(l) = -l**2 - 7*l - 4. Let h be y(-6). Suppose h*t + 52 = -2*t. Let k = 15 + t. What is the units digit of k?
2
Let h(g) = -47*g + 5. What is the tens digit of h(-5)?
4
Let u(i) = -i + 9. Let n be u(5). Suppose -p + 7 = n*h - 76, -5*h = -2*p - 94. What is the tens digit of h?
2
Suppose -2*t + 7*t = 5*u + 10, 3*t = 5*u. Suppose -2*f - k - 3 = 0, k - 15 = t*f + 2*k. What is the units digit of (-3)/(f/(-24)*-2)?
9
Let a(k) = -k**3 + 3*k**2 + 6*k + 986. What is the units digit of a(0)?
6
Let x(v) = -v**2 + 1. Let t(a) = -20*a**2 + 5. Let l(p) = -t(p) + 6*x(p). Suppose -5*o - 2 = 4*c + 9, -8 = -2*c + 2*o. What is the tens digit of l(c)?
1
Suppose 0 = 4*d - 935 - 2085. What is the units digit of d?
5
Let g(t) = 2*t**3 + 2*t**2 + 2. Let d be g(2). Let a = 2 + d. Suppose 2*b - 10 = -o, 4*o + 0*b = -4*b + a. What is the units digit of o?
4
What is the hundreds digit of (-5)/2*162/(-135) - -550?
5
Let i = -135 - -479. What is the units digit of i?
4
L